t c(p) = -13*p - 7. Let h(o) = 5*c(o) - 7*w(o). What is h(-4)?
8
Let w(h) = -h**2 + 7*h + 1. Let q(b) = b**2 - 4*b - 12. Let l be q(-4). Suppose d + l = 5*d. Determine w(d).
11
Let x = 9 - 5. Suppose -4*s + 6*s = x. Let m be 1/((-1)/(-3)) + s. Let y(t) = -t**2 + 8*t - 3. Calculate y(m).
12
Let x(n) be the second derivative of n**5/20 - 5*n**4/4 + 5*n**3/2 - n**2/2 - n - 4. What is x(14)?
13
Let y(d) = -d**2 + 9*d + 25. Let f be y(11). Let w(i) = i**2 + 4*i - 13. What is w(f)?
8
Let z(v) be the second derivative of -2/3*v**3 + 5/12*v**4 + 0 + 4*v**2 - 11*v + 1/20*v**5. Determine z(-6).
-4
Suppose 0 = -48*w + 39*w + 36. Suppose 3*t - 5 = -j, 0*j - 4*t + 14 = 5*j. Let f(x) = -j + 0*x**2 - x**2 + 3*x + 1. Determine f(w).
-5
Let t = 6 - 1. Let v(g) = t - 6 + 2 - g. Let i be (-81)/18*(-2)/(-9)*3. Give v(i).
4
Let j(p) = p**3 - 3*p**2 - 4*p + 3. Let i be j(4). Let l(a) = 27*a**2 + 9*a - 4. Let u(z) = 34*z**2 + 10*z - 4. Let v(t) = -5*l(t) + 4*u(t). Determine v(i).
-2
Let m(t) = -7*t**2 + 2*t + 11. Let j(s) = 15*s**2 - 5*s - 23. Let g(h) = -6*j(h) - 13*m(h). Calculate g(-5).
0
Suppose -c - 6 = 3*y, -5*y - 24 = -9. Let q(b) = 23 - c*b + 5*b - b - 24. Let o(n) = n**2 - 5*n + 2. Let f be o(4). Calculate q(f).
-3
Let q(f) = f**2 + 6*f + 6. Suppose 3*a + a = -56. Let p be (-25)/((-150)/(-72)) - (0 - 2). Let s = a - p. Give q(s).
-2
Let s = 495 + -491. Let x(g) = -3*g + 6. What is x(s)?
-6
Let d(q) = q**2 - q - 6. Let s be d(4). Let b(p) = -2*p**2 + 6*p + 5. What is b(s)?
-31
Let z(m) = -m**3 + 4*m**2 - m. Suppose 20*x - 15*x - 25 = 0. Let s(j) = j**3 - 7*j**2 + 12*j - 7. Let q be s(x). Determine z(q).
6
Let a(d) = -5*d + 2. Let m(g) = 22*g - 9. Let h(c) = -18*a(c) - 4*m(c). Determine h(-2).
-4
Let k(r) = -r**3 - 5*r**2 + 5*r - 4. Suppose -3*b = -4*v + 6, -3*b - 30 = -0*b + 4*v. Calculate k(b).
2
Suppose -n = 3*x + 7, -3*x = 3*n + 2 - 11. Let p(y) = y**3 - 9*y**2 + 7*y + 10. Calculate p(n).
2
Let n(w) = -2 - 1 + 5*w + 0*w + 1. Let m be 48/20 + (-4)/10. What is n(m)?
8
Let y be 4*(-4)/((-24)/(-15)). Let j be (-24 - y)*1/2. Let a(b) = -b**3 - 8*b**2 - 5*b + 8. What is a(j)?
-6
Let v(n) = -n + 1. Let q be v(2). Let t be -19 + 22 - (q - -9). Let k(u) = u**3 + 5*u**2 - u - 5. What is k(t)?
0
Let o = -9 + 13. Suppose 4*u + u = o*v - 30, -4*u = -3*v + 24. Let k(g) be the first derivative of -g**2/2 - 12*g - 7. Determine k(u).
-6
Suppose 4*i + 207 = 5*s, 5*s - i - 189 = -3*i. Let v = s - 39. Let d(o) = o + o + v*o - 3 - o. Calculate d(6).
3
Let c(v) = 9*v + 44. Let i be c(-6). Let y(p) = -p**3 - 10*p**2 - p - 3. Give y(i).
7
Let c(b) = b**3 - 2*b**2 - 7*b + 6. Let a be c(4). Let n(x) = a + 0*x**2 - 5*x - 8*x**2 + 13*x**2 - 6*x**2. Give n(-7).
-4
Let i(j) = -j**2 - 14*j - 1. Let x = 1861 + -1877. Determine i(x).
-33
Let z(f) be the third derivative of -f**4/24 - f**3/3 - 2*f**2 - 13*f. Give z(-1).
-1
Let t(n) = -2*n - 14 + 2 - 6. Let o be t(-13). Let p(h) = -5*h + h**2 - 6*h + 6 + 2*h. Give p(o).
-2
Let r(n) = -5*n + 16*n - 12*n + 4*n**2. Suppose -5*h = -13*h + 8. Calculate r(h).
3
Let o be (-5)/5 - (1 - 0). Let p(f) = f**3 - f**2 - 3*f - 1. What is p(o)?
-7
Let g be ((-2)/(-7))/((-22 - 1)/(-161)). Let w(q) = 5*q + 5. What is w(g)?
15
Let q be ((3 - 0) + 1)/(-2). Let x be (32/(-12))/(q + (-15)/(-9)). Let r(g) = -g**2 + 9*g + 9. Give r(x).
17
Let r(b) = b**2 + 4*b - 1. Let v(f) = -f**2 + f + 1. Let g be (16/(-12))/((-2)/6). Let t be (2 - -1)/(4/g). Let l be v(t). Calculate r(l).
4
Let s(u) = u - 3. Let z(p) = 6*p**2 - p + 2. Let b be z(-2). Let v = 44 - b. Let k be 2/v + 253/88. Determine s(k).
0
Let o(n) be the second derivative of n**4/12 - n**3 + 3*n**2 - 831*n. Let z be (5/2)/((-3)/(-6)). Let q be z/((-5)/4)*-1. Give o(q).
-2
Let h(t) = t**3 - t**2 - 4*t - 3. Let w(n) = n**2 + 12*n + 33. Let l be w(-7). Determine h(l).
-7
Let j(s) = s**2 + 2 - 6*s**2 - 4*s**2 + 14*s**2 + 2*s. Determine j(-1).
5
Let x(z) = z**3 + 8*z**2 + 7*z + 3. Let p be (-3 - 20/(-8))*-18. Suppose u = m + m - p, -16 = 3*u + 5*m. Give x(u).
3
Let b(m) = 4*m - 7 + 0 + 10 - 3*m**2 - m. What is b(3)?
-15
Let n(d) = -2*d + 1. Suppose -4*j = -x + 20, -2*j - 3*j = 2*x + 25. Suppose -5*a - 10 = x, 5*q - 5*a = -2*a + 21. Calculate n(q).
-5
Let g(v) = 5*v - 9*v - 2*v - 64 + 5*v - 4*v. Give g(-14).
6
Let a(b) = 15*b**2 + 3 - 3*b**2 - 13*b**2 - 1 - 8*b. Calculate a(-9).
-7
Suppose 3 = -a + 2*a. Let i(h) be the second derivative of h**6/360 - h**5/24 + h**4/24 - h**3/6 - h. Let o(w) be the second derivative of i(w). What is o(a)?
-5
Let m(f) be the third derivative of f**6/60 + 7*f**5/60 - 5*f**4/24 + f**3/2 + 5*f**2 + 35. What is m(-4)?
7
Let s(n) be the third derivative of -n**6/120 + n**5/12 + 3*n**4/8 + n**3 - 2*n**2 + 183*n. Give s(7).
-29
Let o(c) be the third derivative of 43*c**2 - 1/3*c**4 + 0*c - 1/60*c**5 + 0 - 2/3*c**3. Calculate o(-7).
3
Let z(y) be the third derivative of -y**5/60 - y**4/6 + y**3/2 + 10*y**2 + 1. Determine z(-7).
-18
Let j be 6 + (-19 - -12) + -4. Let h(w) = 2 + 4 + w**2 + 8*w - 2*w. Give h(j).
1
Let q(m) = 7*m**2 - 1. Let z(c) = c**2 - 2*c - 1. Suppose 0*n - 5 = -3*n - b, 5*b = -3*n + 1. Suppose -3*k = n*k. Let i be z(k). Calculate q(i).
6
Let z(i) be the first derivative of i**4/4 + 5*i**3/3 + 5*i**2/2 - 64. Determine z(-4).
-4
Suppose 12 = 4*r + 5*f - 66, -2*r = 3*f - 40. Let m = 15 - r. Let k = m + 1. Let p(u) = -6*u**3 + 2*u**2 + 2*u + 1. What is p(k)?
7
Suppose 5*u + k - 79 = 0, -2*u - 3*k = 2*k - 50. Suppose 0 = 6*c + 1 + 143. Let y be (c/u)/((-2)/(-5)). Let h(d) = d**3 + 4*d**2 - 5*d - 3. Calculate h(y).
17
Let w be ((7 - 8) + -2)*(-4)/6. Suppose 0 = -5*g - 5*f - 25, -w = -g - 2*f - 12. Let y(h) = h + 9. Calculate y(g).
9
Let r = 10 + -9. Let n(a) = a. Let w(f) = -1. Let z(h) = r*n(h) - w(h). Give z(-1).
0
Let y(d) = 14*d**3 + 14*d**3 - 4*d**2 + 18*d**3 - 62*d**3 + 1 + 15*d**3. Let n be (0 + 3)/(-2 + 1). Calculate y(n).
-8
Let h(u) be the third derivative of -3*u**6/40 + u**5/30 - u**4/12 + u**3/6 + 109*u**2. Determine h(1).
-8
Let d(z) = -z**3 + 5*z**2 + z - 3. Let u(p) be the second derivative of -p**5/20 + 4*p**4/3 + 5*p**3/2 + 39*p**2/2 - 11*p. Let x be u(17). Give d(x).
2
Let f(m) = m + 10. Let p(i) = -2*i - 16. Let r(n) = 3*f(n) + 2*p(n). Determine r(-6).
4
Let k be -3*((-48)/(-9) - -4). Let o be (-29)/(-4) + 7/k. Let v(q) = 2 + 4 + o*q + 0*q + q**2. Give v(-5).
-4
Let g(v) = -4*v**2 - 2*v. Suppose -d - 17 = -5*n, 5*d - 42 + 11 = -4*n. Let b be d*(-1*4 - -3). Let w be ((-4)/b)/((-6)/9). Calculate g(w).
-12
Let p(i) = 12*i - 5 - 8 + 13 - 13*i. Give p(-1).
1
Let q(a) be the second derivative of -a**3/3 - 3*a**2 - 186*a. Determine q(-5).
4
Let d(q) = -7*q - 1. Let b be ((-55)/(-10) - 4)*2. Let n(j) = b - 5 + j - 3 - 4. Let l be n(10). Give d(l).
-8
Suppose -9*b + 4 = -32. Let p(c) = -c + 7 - 3*c**3 - 4 - b*c**2 - 1. What is p(-2)?
12
Let t(c) be the third derivative of -c**4/24 - 100*c**2. Determine t(4).
-4
Let j(p) = 5*p**3 + 13*p**2 - 6*p + 10. Let l(g) = 3*g**3 + 9*g**2 - 4*g + 7. Let i be -10 + (-4 - -14)/2. Let b(w) = i*j(w) + 8*l(w). Calculate b(7).
-8
Let x(o) = 2*o - 3. Suppose 0 = 361*p - 365*p + 40. Calculate x(p).
17
Let d(x) be the first derivative of 3*x**2/2 - 11*x + 176. Give d(-6).
-29
Let j(y) be the first derivative of -y**3/3 + 6*y**2 - 4*y - 72. Give j(11).
7
Let g = -84 - -188. Let d = g - 94. Let m(q) = -q**3 + 10*q**2 - q + 9. Calculate m(d).
-1
Let f(c) be the first derivative of c**3/3 + 2*c**2 + 6*c + 306. Give f(0).
6
Let d = 8 - 12. Let z(j) = 2*j. Let a(t) = 3*t + 1. Let b(x) = d*z(x) + 3*a(x). Suppose -3 = 3*c - 7*r + 2*r, 0 = -3*c - r - 21. What is b(c)?
-3
Let s(i) = -i + 1. Let k(a) = -3*a + 0*a + a + 1. Let j(x) = -4*k(x) + 9*s(x). Let y be j(4). Let r(p) = -7*p**2 + 1. Calculate r(y).
-6
Let j(w) = 15*w**3 - 2*w**2 - 2*w - 5. Let s(o) be the first derivative of -o**4/4 + o - 6. Let p(a) = -j(a) - 4*s(a). What is p(-1)?
12
Let f(a) = a**2 - 17*a. Let v(z) = -2*z**2 + 18*z - 2. Let s(h) = 4*f(h) + 3*v(h). What is s(-7)?
-6
Let x(q) = -q**3 - 7*q**2 + 8*q - 3. Let j(a) = a**2 + 2*a + 2. Let p be j(0). Suppose -p*f = -2*z + 12, 2*f + 2*z = -4 - 16. What is x(f)?
-3
Let g(j) be the third derivative of -j**6/120 - j**5/15 + 5*j**4/24 + j**3/2 + 451*j**2. Suppose 2*n - 5*f + 1 = 0, 3*n - 3*f + 7 = -f. Give g(n).
-21
Suppose -19*l + 